 Calculate the greatest common factor of 90 and z.
18
Let b(w) = 86*w - 3. Let f be b(2). Suppose 5*o = -h + f, 3*o + 6 = -h + 107. Let v = o - 14. Calculate the highest common divisor of 10 and v.
10
Let d be (-2 - -6) + (-2 - -1). Suppose -4*b + d*s = -23, 0 = -7*b + 4*b - 2*s - 4. Suppose -b*q + 3*q = 2. Calculate the greatest common divisor of 14 and q.
2
Let a be 0/(-3 + (5 - 3)). Let x(j) = -j + 2. Let t be x(a). What is the greatest common factor of t and 22?
2
Let c(j) = -5*j**3 - 5*j + j**2 + 4*j**3 + 0*j**3. Let n be c(-4). Suppose i - 2 = h - 22, 60 = 3*h + 4*i. Calculate the highest common divisor of h and n.
20
Suppose 4*z - 5*o = -o - 228, -o = 0. Let j = 174 - z. What is the highest common divisor of j and 33?
33
Let y = 38 + -32. Let t be y/15*(-325)/(-10). Calculate the highest common factor of 26 and t.
13
Let c(m) = -m**3 + 6*m**2 - 6*m + 1. Let u be c(5). Let n be -3*-20*7*u/(-12). Calculate the greatest common factor of n and 20.
20
Suppose -5*x - 5*m = 0, -4*m - 30 = -x + m. Suppose -5*o + 1 = 3*v + 59, 19 = -4*v + x*o. Let j = 4 - v. Calculate the greatest common divisor of 60 and j.
15
Let l(p) = p - 9. Let q be l(9). Suppose q = -3*r - 0*d + d - 4, 0 = r - 5*d + 6. Let x be 0 - (2 - (-79)/r). Calculate the highest common divisor of x and 11.
11
Suppose q - 87 + 20 = -3*j, 5*q - 115 = -5*j. Calculate the highest common factor of j and 44.
22
Suppose 0 = d - 38 - 9. Let a = d - 25. Let u = a - 16. What is the highest common factor of u and 15?
3
Let o be 5*3*7/21. Let d be -10*5*(-8)/o. Suppose 2*k = k + d. Calculate the greatest common factor of 32 and k.
16
Suppose 0 = 5*m + 2*k + 2*k - 4308, 4*k + 3432 = 4*m. What is the highest common divisor of 86 and m?
86
Suppose 5*f - 4*f - 864 = 0. Suppose u - 5*u = -f. What is the highest common factor of 27 and u?
27
Suppose 6*f = 7*f - 18. Suppose 0 = -15*c + f*c - 60. Calculate the highest common factor of 140 and c.
20
Let i(d) = -29*d - 15. Let v be i(-10). Suppose -15*j - v = -20*j. Calculate the greatest common factor of 22 and j.
11
Suppose -62*u = -67*u. Let j be u + 385 + (-1)/1. Calculate the greatest common factor of j and 48.
48
Suppose 14 = -x + 19. Suppose -5*g = -g + 16, x*g = 5*p - 30. Calculate the greatest common divisor of p and 1.
1
Let c = 66 - 62. Suppose -68 = a - 4*a + c*p, -3*a + p + 80 = 0. What is the highest common divisor of 7 and a?
7
Let t be (4 + (-120)/9)/(4/(-6)). What is the highest common factor of t and 105?
7
Let m be (-11)/(-7) + (-8)/14. Let f be (m - 1)/(3 + -2). Suppose f*n + x = n - 3, -2*n + 9 = x. What is the greatest common factor of n and 12?
4
Suppose 5*b + 3*x = 89, -3*b = -b + x - 35. Let d be 52/b - (-6)/8. Let c be (-3)/d + (-280)/(-32). What is the greatest common divisor of c and 16?
8
Let w be ((-9)/(-12))/(2/392). What is the greatest common divisor of 21 and w?
21
Let g = 97 - 57. Let a(n) = 2*n**2 + 18*n. Let j(x) = x**2 + 9*x. Let w(v) = 2*a(v) - 5*j(v). Let l be w(-8). Calculate the highest common factor of l and g.
8
Let l = -46 - -66. Suppose -9*c = -176 - 4. Calculate the highest common factor of l and c.
20
Let m be 350/21*3/15*9. Let a be (0 + 38)/(6/9). Suppose -a = -5*o - 2*r + 3, 4*r - 36 = -3*o. What is the highest common divisor of m and o?
6
Suppose f + 3077 = 3*w, -5117 = -5*w + 19*f - 23*f. What is the greatest common divisor of w and 82?
41
Suppose 4*r = 3*o + 10, 5*o - r = r + 2. Suppose 0 = -o*a + 4 + 8. What is the highest common divisor of 36 and a?
6
Suppose 0*d = -d. Suppose 0 = -2*l - 2*m + 4, d*m = -2*l - m + 9. Let o be (28/8)/l*4. Calculate the greatest common factor of 6 and o.
2
Let s = -480 - -732. Calculate the highest common factor of s and 28.
28
Let t be (-287)/(-14) + (-2)/4. Suppose 0 = -2*k + 8*k - 24. What is the greatest common divisor of k and t?
4
Suppose 21 = 8*h - h. Let w = 511 + -269. Suppose 166 = 2*o - h*x, 80 = -2*o + x + w. What is the highest common factor of 32 and o?
16
Suppose 5*a - 76 - 4 = 0. Let d be 1 + (a - (2 - -1)). Calculate the highest common divisor of 126 and d.
14
Suppose 8*p = 273 + 15. What is the highest common factor of 612 and p?
36
Let r = 5989 + -5979. Let h be 6/21 + (-976)/(-14). Calculate the highest common divisor of r and h.
10
Suppose -u - 9 = 2*u. Let j = u + -3. Let r(b) = -b**2 - 9*b - 6. Let y be r(j). What is the greatest common factor of 3 and y?
3
Let w(n) = n**3 + 7*n**2 - 5*n - 8. Let p be w(-7). Let h be 10/(-110) - (-102)/33. Calculate the greatest common factor of p and h.
3
Let n(o) = o**3 - 9*o**2 - 13*o + 125. Let g be n(9). Calculate the highest common factor of 1 and g.
1
Let t(c) be the second derivative of c**5/20 + c**2/2 - 10*c. Let b be t(0). Calculate the greatest common divisor of b and 13.
1
Suppose o - 5*m - 89 = 2*o, -3*m = -2*o - 165. Let s = o - -113. Calculate the highest common divisor of 203 and s.
29
Suppose -3*c + 2*u = -10, -5*c - 20 = -u + 5*u. Suppose 6*p - 3*p + m - 129 = c, -2*m + 6 = 0. Calculate the greatest common factor of p and 6.
6
Let m = 6 - 1. Suppose -m*i + 0*i = -10. Suppose -i*k + 4*k - 62 = 0. Calculate the highest common factor of 124 and k.
31
Let o be (-6)/4*16/(-6). Suppose 4*l + 5*z = -21, 0 = 5*l - 4*l - 3*z - 16. Calculate the greatest common factor of l and o.
1
Let w = 27 - 23. Suppose 4*h - 76 = -w*d, 6*h - 5*h - 19 = -2*d. What is the highest common divisor of 95 and h?
19
Let i = 168 + -100. Suppose i = -5*x + 448. Calculate the greatest common factor of 19 and x.
19
Suppose -i + 6 + 0 = a, -a + 18 = 5*i. Let r(s) be the first derivative of 3*s**2/2 - s + 8. Let f be r(a). What is the highest common divisor of 56 and f?
8
Let i be 4/2*(-1 + -1). Let z(g) = -9*g + 2. Let l be z(i). Suppose 5*a - 387 = l. Calculate the greatest common divisor of a and 34.
17
Suppose 5*r + a = 2516, -r + 6*a = 5*a - 508. What is the highest common divisor of 70 and r?
14
Let r be (-140)/(-5)*(-5)/(-2). Let m(s) = -27*s + 24. Let z be m(-3). Calculate the highest common factor of r and z.
35
Suppose -c - 37*d + 90 = -38*d, 0 = 4*c - d - 363. Calculate the greatest common factor of c and 169.
13
Let x = 8 - 31. Let b = x + 30. What is the highest common divisor of 35 and b?
7
Suppose 51*q - 43*q = 1824. Calculate the greatest common factor of 304 and q.
76
Let c be 3204/24 + 6/4. What is the greatest common factor of c and 15?
15
Suppose 0 = 100*k - 118*k + 252. Let j be ((-7)/(-3))/(8/432). Calculate the highest common divisor of k and j.
14
Let v be 1/((-7 - -3)/180). Let g = 74 + v. What is the greatest common divisor of 232 and g?
29
Let r = 609 - -489. What is the highest common factor of 18 and r?
18
Suppose -v - v = -292. Suppose -d - v = -4*q, 5*q - 169 - 21 = 5*d. Calculate the highest common factor of 18 and q.
18
Suppose c - 19 = -q + 4*q, -25 = 5*q. Let j be ((-12)/(-14))/((-4)/28). Let r = 12 + j. Calculate the greatest common factor of c and r.
2
Let o = 18 - 16. Suppose b = o + 22. Calculate the greatest common divisor of 16 and b.
8
Let a = -962 - -1038. What is the highest common divisor of 361 and a?
19
Let a(c) = 2*c**2 - 9*c + 5. Let f be a(4). Suppose 111*z + f = 112*z. What is the greatest common factor of z and 5?
1
Suppose 0 = x + 2*r - 80, 4 - 8 = -r. What is the greatest common factor of 16 and x?
8
Let h = 14 + 11. Let b = -2153 - -2353. What is the highest common factor of h and b?
25
Let b(l) = 5*l**2 - 2*l. Suppose 3*j = -2*t - 7, 2*t - 2*j + 4*j = -4. Let o be b(t). What is the greatest common factor of o and 12?
3
Let i be 1/4 + 2328/(-96). Let s be 16/i + (-964)/(-6). Calculate the greatest common factor of s and 40.
40
Let w = 37 + -26. Suppose 5*m = 21 + 139. Let b = m + 12. What is the highest common divisor of w and b?
11
Suppose 4*h - 3*d = 315, 0 = -2*h + 3*h + 5*d - 50. What is the highest common factor of h and 25?
25
Let c = 478 - 474. What is the highest common factor of 2 and c?
2
Suppose 0 = -5*g - 3*k + 7*k + 1411, 0 = g - 4*k - 279. Let t = 598 - g. Calculate the highest common divisor of 35 and t.
35
Let z be 36/(-16) + 2 + 17/4. Let f = z - -31. Calculate the highest common divisor of f and 14.
7
Suppose -x = 3*b - 625, -4*b - 418 = -6*b - x. What is the greatest common divisor of 276 and b?
69
Suppose -2*c = -c - 7. Suppose 12*b - 8*b = 112. Calcula